he prime factors of w?
19, 31
Let q = 10 + -12. Let m be (-8 + -3)*q/(-2). Let d(l) = l**3 + 11*l**2 - 8*l - 8. List the prime factors of d(m).
2, 5
Let f be (-392)/(-2) - (8 - 12). Suppose 7*a + f = 17*a. Suppose -d = -a - 5. List the prime factors of d.
5
Suppose -s + 18 = 4*q, 3*q = -5*s + 13 + 9. Suppose 0 = -s*y - 8, -3*g = -3*y - 705. Suppose -6*b = -9*b + g. List the prime factors of b.
7, 11
Let j(x) = 452*x**2 + 47*x - 590. List the prime factors of j(14).
2, 5, 11, 13, 31
Let x = 11196 + 1557. List the prime factors of x.
3, 13, 109
Suppose 36592*b = 36571*b + 770049. What are the prime factors of b?
3, 17, 719
Let m be (-6)/((9/6)/1). Let i(d) = -d**3 - 4*d**2 - d - 1. Let w be i(m). Suppose -4*p - 4 = 0, 12 = -w*o - 5*p + 175. What are the prime factors of o?
2, 7
Let f(y) = 17*y - 5*y**2 - 3*y**2 + 10*y**2. Let w be f(-9). Suppose 6*p + 393 = w*p. List the prime factors of p.
131
Let r(w) = -618*w + 34. Let u(v) = -206*v + 11. Suppose 0 = 2*p + 7 - 11. Let j(a) = p*r(a) - 7*u(a). What are the prime factors of j(1)?
197
Suppose 2*j - 3*m = -33, -2*j + 2*m = -j + 19. Let z be 0/((9/(-6))/(j/12)). Suppose z*i - 579 = -3*i. What are the prime factors of i?
193
Let t(s) be the second derivative of 0 - 2*s**2 - 1/20*s**5 - 2/3*s**3 + 11/12*s**4 + s. List the prime factors of t(9).
2, 61
Let x(n) = -5*n**3 - n**2 - 4*n - 3. Let m be x(-1). Let k(a) = 14*a**2 - 5*a - 21. What are the prime factors of k(m)?
2, 19
Let j = 56 + -67. Let l be (-3)/(4 + j/2). Suppose 3*m + l*m = 375. What are the prime factors of m?
3, 5
Let q(n) = 3*n**3 - 35*n**2 + 11*n - 32. Let j(f) = -f**3 + f**2 + f - 1. Let s(w) = 2*j(w) + q(w). List the prime factors of s(33).
5, 79
Let m = -522 - -1102. Let a = m - 388. List the prime factors of a.
2, 3
Suppose 66 = 25*l - 36*l. List the prime factors of (-6)/l - (-600)/2.
7, 43
Let g = -482 + 479. Let d(h) = -36*h**3 - 3*h - 2. What are the prime factors of d(g)?
11, 89
Let z(l) = 10*l**2 + 61*l - 571. What are the prime factors of z(23)?
2, 3061
Let c be 21/(-6) + 77/22. Suppose 4*p - 6*p = -554. Suppose -3*o - 55 + p = c. List the prime factors of o.
2, 37
Suppose -2*m = -j + 21211, -2*j = 3*m - 23639 - 18797. Suppose -j = -9*z + 3553. What are the prime factors of (5 - (-1 - -2))*z/128?
2, 43
Suppose 30344 + 118376 = 143*j. List the prime factors of j.
2, 5, 13
Let b = -27 + 31. Let m(r) = -2*r - 4. Let z be m(b). What are the prime factors of 2 + (-1006)/z + 2/12?
2, 43
Let i(p) = 75*p + 14. Let r = -628 - -641. List the prime factors of i(r).
23, 43
Let f(o) = -4*o - 18. Let t be f(-5). Suppose 3*j = c + 6, 2*c + j = -t*c + 2. Suppose 9*n - 7*n - 224 = c. What are the prime factors of n?
2, 7
Let h be ((-4)/(0 + -1))/((-128)/(-44608)). Suppose -4*v = -h - 1066. What are the prime factors of v?
3, 5, 41
Let z = -12374 - -19891. What are the prime factors of z?
7517
Suppose -3*d = -t - 5*d + 17, -3*t = -2*d - 91. Let l be 2*3/t - 4/18. Suppose -9*g + 1332 = -l*g. List the prime factors of g.
2, 37
Let v(f) = 603*f + 33. Let n be v(1). Let o = n - 348. What are the prime factors of o?
2, 3
Suppose 0 = x - 0*x + 77. Suppose 0 = 19*b - 2929 - 35. Let j = b + x. List the prime factors of j.
79
Let g(w) = w + 10. Let d be g(-6). Suppose 0 = 4*n - 5*l - 348, 3*n + 8*l - 292 = d*l. Suppose -j = -n - 0. List the prime factors of j.
2, 23
Suppose -t - 17 = -2*t. Suppose t*p - 18*p = 13. What are the prime factors of 1/5 + p/(65/(-444))?
89
Suppose 0 = 3*x + h - 186166, 0 = -2*x + 11*h - 9*h + 124092. What are the prime factors of x?
62053
Let k(m) = 7367*m + 296. List the prime factors of k(1).
79, 97
Let q be ((-16)/10)/((-26)/65). Suppose y + 12 = q*y. Suppose 18 = -y*b + 6*b. What are the prime factors of b?
3
Suppose -3*w = -4*j + 87, 0 = 5*w - 6*w + 2*j - 27. Let r be (-1332)/(-20) - 2/(-5). Let m = r + w. List the prime factors of m.
2, 17
Suppose 6*d - 4*d = -208. Let o = d - 16. Let i = -66 - o. What are the prime factors of i?
2, 3
Let s(z) = -z**3 - 10*z**2 + z - 4. Let l be s(-10). Let n(k) = 2*k**2 + 21*k + 11. What are the prime factors of n(l)?
109
Let o = 4575 - 2771. What are the prime factors of o?
2, 11, 41
Suppose 16*h - l + 292 = 19*h, 5*l - 371 = -4*h. List the prime factors of (1 - 11584/(-14)) + h/(-231).
2, 3, 23
Let b(o) = 15*o**2 - 3*o - 2. Let j be b(-1). Suppose z - 9*z = -j. Suppose -5*l = -15, 0*i + 2*l = -z*i + 116. What are the prime factors of i?
5, 11
What are the prime factors of (59912*14/(-224))/(2/(-4))?
7489
List the prime factors of 297582/5 - 26/65.
2, 14879
Suppose 11 = 2*l + 5. Suppose -3*q - 2*o + 899 = 0, l = -4*o + 7. What are the prime factors of q?
13, 23
Suppose -2*b - 10 = -5*h, 7*h - 9*h - 5 = b. Suppose -2*u + 522 + 354 = h. List the prime factors of u.
2, 3, 73
Suppose -11*y + 16*y - 10 = 0. Suppose -y*r = 6, 31 = 5*a - 5*r - 9. What are the prime factors of a/(-6)*-298 + 6/9?
3, 83
Suppose 434*c = 457*c + 96845 - 502611. What are the prime factors of c?
2, 8821
What are the prime factors of 21271 + (6/4)/((-84)/168)?
2, 13, 409
Suppose -3*o - 41 - 370 = 0. Suppose -b = -11*s + 9*s + 480, -b = 2*s - 484. Let l = o + s. List the prime factors of l.
2, 13
Let t = 37756 + -15057. List the prime factors of t.
22699
Let q be (-24 - -40)*(-6)/8. Let i(p) = p**2 + 12*p - 10. Let u be i(q). Let s(g) = -16*g + 7. What are the prime factors of s(u)?
167
Suppose -11*a + 897 = 193. Let k = a + -122. Let y = k + 60. List the prime factors of y.
2
Suppose 330 = 2*j + 2*r + r, -4*j + 700 = -4*r. Let o = -51 + j. Let k = -49 + o. List the prime factors of k.
71
Suppose -193*x = 222*x - 455*x + 1929000. What are the prime factors of x?
3, 5, 643
Let t = -202 + 183. Let j(d) = -d**3 - 17*d**2 + 15*d - 51. List the prime factors of j(t).
2, 193
Let s(x) = 4*x**3 - 29*x**2 + 62*x - 190. What are the prime factors of s(24)?
2, 5, 3989
Let t = 563 - 563. Suppose 5*u + 12 - 37 = 0. Suppose -3*j = -t*j + 2*f - 119, u*f = -4*j + 147. List the prime factors of j.
43
Let u(n) = n**3 + 52*n**2 + 71*n - 59. List the prime factors of u(-50).
13, 107
Suppose -4*g + 78 = -3*g + 5*y, 0 = -4*y + 16. Let f = -55 + g. Suppose -f*q + 617 = -4*x, -4*q + 1052 = -x + 238. What are the prime factors of q?
7, 29
Let p(n) = -n**3 - 40*n**2 + 42*n + 21. Let l be p(-41). List the prime factors of (-2 + l/(-6))/((-8)/(-732)).
2, 61
Let n(a) = -6*a**2 - a + 2. Let k(d) = 11*d**2 + 2*d - 5. Let l(q) = -2*k(q) - 5*n(q). Let f be l(-1). Let s = 38 - f. List the prime factors of s.
31
Suppose -58*r + 8095 = 2469. List the prime factors of r.
97
Let m = 57574 - 34509. List the prime factors of m.
5, 7, 659
Let r(b) = 732*b**2 - 39*b - 126. What are the prime factors of r(-4)?
2, 3, 19, 103
Suppose -5*m - 4*a + 202 = 0, 3*m - 212 + 80 = 3*a. Suppose -2*c + 126 = -5*t + c, -2*t = 3*c + m. Let s = -8 - t. List the prime factors of s.
2
Let b(n) = 7*n**2 - 3*n + 2. Let p = -44 + 45. Let j be b(p). Suppose -50 = -j*q + 52. List the prime factors of q.
17
Let h(n) = n**2 - 8*n - 10. Let s be 168/32 + 1 + (-5)/4. Suppose 5*t + 82 - 22 = s*g, 4*g - 75 = -5*t. List the prime factors of h(g).
5, 19
Let d(x) be the first derivative of 3*x**2/2 - 35*x - 29. Let i be d(12). Let m(y) = 85*y + 1. What are the prime factors of m(i)?
2, 43
Let j be -2*(-1)/(-2)*-29. Let l(n) = n**3 - 10*n**2 - 13*n + 212. Let q be l(9). Let c = q + j. What are the prime factors of c?
43
Suppose -1054 = 4*u + 182. What are the prime factors of (u/(-4))/((-297)/(-48) - 6)?
2, 103
Let s = -50 - -24. Let f = s - -31. List the prime factors of 103 - (3 - -2)/f.
2, 3, 17
Let w = -557 - -165. Let a = 1020 + w. List the prime factors of a.
2, 157
Let y = 8204 - -88. What are the prime factors of y?
2, 3, 691
Let a = 5838 + 9314. What are the prime factors of a?
2, 947
Let v = 33135 + -19757. List the prime factors of v.
2, 6689
Let z be (4857 - -1) + (-5)/((-10)/4). Suppose -4*n + z = g, 3*n - 15*g - 3645 = -13*g. What are the prime factors of n?
3, 5
Suppose -4*u + 5*a + 1106 = 3356, 5*u - 3*a = -2806. Let c be 13/(52/u) + -1. Let r = -65 - c. List the prime factors of r.
2, 19
Suppose -23*l + 31237 + 126584 + 969961 = 0. List the prime factors of l.
2, 24517
Let j(k) = -k**3 + 6*k**2 + 15*k + 13. Let y be j(8). Suppose -779 - 316 = -y*d. List the prime fac